e remainder when 443 is divided by 35.
23
What is the remainder when 319 is divided by 246?
73
What is the remainder when 413 is divided by 108?
89
What is the remainder when 35 is divided by 12?
11
Calculate the remainder when 268 is divided by 15.
13
What is the remainder when 1167 is divided by 30?
27
Calculate the remainder when 270 is divided by 34.
32
What is the remainder when 2102 is divided by 523?
10
What is the remainder when 488 is divided by 35?
33
Calculate the remainder when 484 is divided by 27.
25
What is the remainder when 415 is divided by 8?
7
What is the remainder when 1029 is divided by 102?
9
Calculate the remainder when 340 is divided by 2.
0
Calculate the remainder when 1751 is divided by 348.
11
Calculate the remainder when 225 is divided by 125.
100
Calculate the remainder when 122 is divided by 25.
22
What is the remainder when 709 is divided by 65?
59
Calculate the remainder when 1116 is divided by 8.
4
Calculate the remainder when 16 is divided by 8.
0
Calculate the remainder when 1852 is divided by 98.
88
Calculate the remainder when 512 is divided by 125.
12
What is the remainder when 666 is divided by 109?
12
Calculate the remainder when 1008 is divided by 329.
21
What is the remainder when 208 is divided by 49?
12
What is the remainder when 115 is divided by 70?
45
Calculate the remainder when 119 is divided by 10.
9
Calculate the remainder when 282 is divided by 130.
22
Calculate the remainder when 2086 is divided by 4.
2
Calculate the remainder when 132 is divided by 35.
27
What is the remainder when 1139 is divided by 230?
219
Calculate the remainder when 226 is divided by 124.
102
Calculate the remainder when 219 is divided by 25.
19
What is the remainder when 15 is divided by 10?
5
What is the remainder when 843 is divided by 18?
15
What is the remainder when 1506 is divided by 218?
198
Calculate the remainder when 265 is divided by 30.
25
Calculate the remainder when 19979 is divided by 103.
100
What is the remainder when 149 is divided by 26?
19
Calculate the remainder when 124 is divided by 21.
19
Calculate the remainder when 343 is divided by 8.
7
Calculate the remainder when 559 is divided by 114.
103
Calculate the remainder when 111195 is divided by 211.
209
What is the remainder when 334 is divided by 86?
76
Calculate the remainder when 582 is divided by 65.
62
Calculate the remainder when 15 is divided by 4.
3
Calculate the remainder when 731 is divided by 133.
66
What is the remainder when 438 is divided by 50?
38
What is the remainder when 15131 is divided by 5040?
11
Calculate the remainder when 1375 is divided by 60.
55
Calculate the remainder when 233 is divided by 47.
45
What is the remainder when 206 is divided by 41?
1
Calculate the remainder when 130 is divided by 11.
9
Calculate the remainder when 104 is divided by 34.
2
What is the remainder when 5144 is divided by 13?
9
Calculate the remainder when 108 is divided by 58.
50
Calculate the remainder when 191 is divided by 49.
44
Calculate the remainder when 58 is divided by 13.
6
Calculate the remainder when 839 is divided by 30.
29
What is the remainder when 4567 is divided by 95?
7
Calculate the remainder when 1410 is divided by 56.
10
What is the remainder when 1493 is divided by 13?
11
Calculate the remainder when 991 is divided by 67.
53
Calculate the remainder when 88 is divided by 30.
28
What is the remainder when 63 is divided by 16?
15
What is the remainder when 4195 is divided by 10?
5
Calculate the remainder when 110 is divided by 66.
44
What is the remainder when 13285 is divided by 129?
127
Calculate the remainder when 20 is divided by 8.
4
Calculate the remainder when 693 is divided by 41.
37
Calculate the remainder when 145 is divided by 37.
34
Calculate the remainder when 52 is divided by 15.
7
Calculate the remainder when 329 is divided by 286.
43
Calculate the remainder when 262 is divided by 105.
52
What is the remainder when 79 is divided by 41?
38
Calculate the remainder when 112 is divided by 17.
10
What is the remainder when 642 is divided by 58?
4
Calculate the remainder when 12766 is divided by 297.
292
Calculate the remainder when 901 is divided by 82.
81
Calculate the remainder when 104 is divided by 18.
14
What is the remainder when 7487 is divided by 13?
12
Calculate the remainder when 152 is divided by 23.
14
Calculate the remainder when 481 is divided by 163.
155
What is the remainder when 106 is divided by 12?
10
Calculate the remainder when 1144 is divided by 126.
10
Calculate the remainder when 622 is divided by 242.
138
What is the remainder when 613 is divided by 35?
18
Calculate the remainder when 135 is divided by 33.
3
What is the remainder when 142 is divided by 13?
12
What is the remainder when 299 is divided by 54?
29
Calculate the remainder when 19 is divided by 6.
1
Calculate the remainder when 150 is divided by 19.
17
What is the remainder when 1221 is divided by 132?
33
What is the remainder when 21713 is divided by 22?
21
Calculate the remainder when 24 is divided by 17.
7
Calculate the remainder when 224 is divided by 58.
50
Calculate the remainder when 364 is divided by 202.
162
Calculate the remainder when 2453 is divided by 91.
87
What is the remainder when 293 is divided by 130?
33
Calculate the remainder when 186 is divided by 64.
58
What is the remainder when 803 is divided by 49?
19
What is the remainder when 118 is divided by 99?
19
Calculate the remainder when 334 is divided by 5.
4
What is the remainder when 59 is divided by 21?
17
What is the remainder when 1183 is divided by 42?
7
Calculate the remainder when 388 is divided by 40.
28
Calculate the remainder when 93 is divided by 19.
17
Calculate the remainder when 1565 is divided by 287.
130
What is the remainder when 805 is divided by 58?
51
Calculate the remainder when 142 is divided by 49.
44
Calculate the remainder when 358 is divided by 115.
13
Calculate the remainder when 4589 is divided by 28.
25
Calculate the remainder when 317 is divided by 20.
17
What is the remainder when 709 is divided by 180?
169
What is the remainder when 692 is divided by 5?
2
Calculate the remainder when 14553 is divided by 38.
37
Calculate the remainder when 363 is divided by 356.
7
What is the remainder when 228 is divided by 5?
3
Calculate the remainder when 99 is divided by 50.
49
Calculate the remainder when 108 is divided by 99.
9
Calculate the remainder when 625 is divided by 61.
15
What is the remainder when 623 is divided by 95?
53
Calculate the remainder when 4886 is divided by 136.
126
What is the remainder when 363 is divided by 61?
58
What is the remainder when 3627 is divided by 149?
51
Calculate the remainder when 829 is divided by 52.
49
Calculate the remainder when 127 is divided by 61.
5
Calculate the remainder when 3328 is divided by 74.
72
What is the remainder when 3326 is divided by 26?
24
Calculate the remainder when 189 is divided by 46.
5
Calculate the remainder when 412 is divided by 18.
16
Calculate the remainder when 8181 is divided by 6.
3
What is the remainder when 4382 is divided by 77?
70
Calculate the remainder when 28 is divided by 10.
8
Calculate the remainder when 141 is divided by 21.
15
Calculate the remainder when 594 is divided by 17.
16
What is the remainder when 2422 is divided by 8?
6
What is the remainder when 265 is divided by 121?
23
What is the remainder when 203 is divided by 17?
16
What is the remainder when 274 is divided by 11?
10
What is the remainder when 240 is divided by 228?
12
What is the remainder when 198 is divided by 51?
45
What is the remainder when 1247 is divided by 12?
11
Calculate the remainder when 245 is divided by 13.
11
What is the remainder when 453 is divided by 54?
21
What is the remainder when 183 is divided by 134?
49
Calculate the remainder when 63 is divided by 16.
15
Calculate the remainder when 12577 is divided by 148.
145
Calculate the remainder when 280 is divided by 106.
68
Calculate the remainder when 1363 is divided by 18.
13
What is the remainder when 3372 is divided by 94?
82
What is the remainder when 356 is divided by 48?
20
What is the remainder when 260 is divided by 73?
41
What is the remainder when 408 is divided by 80?
8
Calculate the remainder when 8